{"id":2162,"date":"2026-02-11T09:56:06","date_gmt":"2026-02-11T09:56:06","guid":{"rendered":"https:\/\/www.hapetor.fi\/?post_type=product&#038;p=2162"},"modified":"2026-04-08T08:17:05","modified_gmt":"2026-04-08T08:17:05","slug":"hopper-c-060","status":"publish","type":"product","link":"https:\/\/www.hapetor.fi\/index.php\/tuote\/hopper-c-060\/","title":{"rendered":"Hopper C\u00a0060"},"content":{"rendered":"<h1>Hydraulinen maantiivistyslevy Hopper C\u00a0060 (8 &#8211; 16 t) 500 kg<b><strong><br \/>\n<\/strong><\/b><\/h1>\n<p style=\"font-weight: 400;\">Kaivinkoneisiin asennettavat maantiivistyslevyt on suunniteltu tiivist\u00e4m\u00e4\u00e4n maata erityisesti kohteissa, joissa vaatimukset ovat korkeat. T\u00e4rke\u00e4 n\u00e4k\u00f6kohta on turvallisuus, ty\u00f6ntekij\u00e4n ei tarvitse menn\u00e4 tiivist\u00e4m\u00e4\u00e4n k\u00e4sik\u00e4ytt\u00f6isell\u00e4 tampparilla jos on vaara reunan sortumasta tai yleens\u00e4 ottaen kenenk\u00e4\u00e4n ei tarvitse olla kaivinkoneen puomin vaara-alueella. Maat\u00e4rytin on ylivoimainen vaihtoehto silloin, kun tiivistett\u00e4v\u00e4 maa on pinnanmuodoltaan vaihtelevaa tai siin\u00e4 on kivi\u00e4. Perinteisell\u00e4 jyr\u00e4ll\u00e4 tiivistys toimii hyvin, kun on kyseess\u00e4 suuret pinnat ja taas k\u00e4sik\u00e4ytt\u00f6inen t\u00e4ry soveltuu todella pieniin kohteisiin. Ty\u00f6laitteen vaihto puomin p\u00e4\u00e4h\u00e4n on nopeaa ja kokonaistaloudellista.<\/p>\n<h3>Tehokkuutta ja k\u00e4ytt\u00f6mukavuutta<\/h3>\n<p style=\"font-weight: 400;\">Green Attachmentsin maantiivistyslevyt on suunniteltu kovaan ammattik\u00e4ytt\u00f6\u00f6n. Ne tarjoavat:<\/p>\n<ul style=\"font-weight: 400;\">\n<li>Korkean t\u00e4ryvoiman ja tasaisen tiivistystuloksen<\/li>\n<li>Luotettavan ja kest\u00e4v\u00e4n rakenteen<\/li>\n<li>Yhteensopivuuden eri kaivinkonemallien kanssa<\/li>\n<\/ul>\n<p style=\"font-weight: 400;\">K\u00e4ytt\u00e4j\u00e4 voi suorittaa tiivistysty\u00f6t ilman ett\u00e4 tarvitsee poistua koneesta \u2013 turvallisempaa, tehokkaampaa ja ergonomisempaa.<\/p>\n<h2>Maant\u00e4ryttimen k\u00e4ytt\u00f6kohteita:<\/h2>\n<ul style=\"font-weight: 400;\">\n<li>maantiivistys vaativissa kohteissa<\/li>\n<li>luiskat, penkat ja kapeat kaivannot<\/li>\n<li>yleens\u00e4 tiivist\u00e4minen minne puomi ylt\u00e4\u00e4 ja mies ei voi turvallisesti menn\u00e4<\/li>\n<li>jyrkkien luiskien tiivist\u00e4minen<\/li>\n<li>j\u00e4tteen tiivist\u00e4minen<\/li>\n<li>erikoismateriaalien murskaaminen kuten suola, hiili yms<\/li>\n<\/ul>\n<h2>Maantiivistyslevyn toimintaperiaate<\/h2>\n<p style=\"font-weight: 400;\">Toimintaperiaate on yksinkertainen: hydraulimoottori py\u00f6ritt\u00e4\u00e4 ep\u00e4keskoa ja t\u00e4ll\u00e4 aikaansaatu t\u00e4rin\u00e4 johdatetaan optimaalisessa kulmassa olevien vaimenninkumien kautta t\u00e4ryl\u00e4tk\u00e4n pohjalevylle, joka suorittaa tiivistyksen. T\u00e4rin\u00e4 synnytt\u00e4\u00e4 iskumaisia aaltoja poistaen ilman tiivistett\u00e4v\u00e4st\u00e4 kohteesta. Samanaikainen maantiivistyslevyn painaminen kaivinkoneella luo tehokkaan tiivist\u00e4misen.<\/p>\n<p style=\"font-weight: 400;\">Kaivinkoneluokat 1.0 \u2013 40.0 t.<\/p>\n<h2>Maantiivistyslevyn ominaisuudet<\/h2>\n<ul style=\"font-weight: 400;\">\n<li>maantiivistyslevyn pohjalevy kulutustakest\u00e4v\u00e4\u00e4 materiaalia<\/li>\n<li>t\u00e4rylevyn paineenrajoitusventtiili suojaamassa j\u00e4rjestelm\u00e4\u00e4<\/li>\n<li>t\u00e4rylevyn virtauksens\u00e4\u00e4t\u00f6venttiili suojaamassa moottoria<\/li>\n<li>kumityynyt juuri oikeassa kulmassa antamaan maantiivistyslevylle maksimaalisen tehon<\/li>\n<li>kest\u00e4v\u00e4t t\u00e4rylevyn moottorit<\/li>\n<li>moottorin p\u00e4\u00e4h\u00e4n asennettu ep\u00e4keskolaite antaa maantiivstylevylle suuren tiivistystehon<\/li>\n<\/ul>\n<h2>Maantiivistyslevyn tekniset tiedot<\/h2>\n<table style=\"font-weight: 400;\">\n<tbody>\n<tr>\n<td>Kaivinkone, t<\/td>\n<td>8 &#8211; 16<\/td>\n<\/tr>\n<tr>\n<td>Laitteen paino, kg<\/td>\n<td>500<\/td>\n<\/tr>\n<tr>\n<td>Iskutiheys m\/min<\/td>\n<td>2000<\/td>\n<\/tr>\n<tr>\n<td>\u00d6ljyn virtaus, l\/min<\/td>\n<td>85 &#8211; 105<\/td>\n<\/tr>\n<tr>\n<td>Paine, bar<\/td>\n<td>100 &#8211; 130<\/td>\n<\/tr>\n<tr>\n<td>Teho, kg<\/td>\n<td>10 000<\/td>\n<\/tr>\n<tr>\n<td>Pohjalevy, mm<\/td>\n<td>900 x 700<\/td>\n<\/tr>\n<\/tbody>\n<\/table>\n<h2><a href=\"https:\/\/www.greenattachments.com\/en\/compacting-plates\/685-hopper-c-features.html\">Lis\u00e4tietoa<\/a><\/h2>\n<h2>Maantiivistyslevyn Youtube videot<\/h2>\n<p style=\"font-weight: 400;\"><a href=\"https:\/\/youtu.be\/tubQ2rfnFl8\">https:\/\/youtu.be\/tubQ2rfnFl8\u00a0<\/a>Hopper C<\/p>\n<p style=\"font-weight: 400;\"><a href=\"https:\/\/youtu.be\/cijvA3yThVQ\">https:\/\/youtu.be\/cijvA3yThVQ<\/a>\u00a0Hopper C080<\/p>\n<p style=\"font-weight: 400;\"><a href=\"https:\/\/youtu.be\/8hcdEPzav3w\">https:\/\/youtu.be\/8hcdEPzav3w<\/a>\u00a0\u00a0Hopper C080<\/p>\n<p style=\"font-weight: 400;\"><a href=\"https:\/\/youtu.be\/dycnBcv8dtc\">https:\/\/youtu.be\/dycnBcv8dtc<\/a>\u00a0Hopper C100<\/p>\n<p style=\"font-weight: 400;\"><a href=\"https:\/\/youtube.com\/shorts\/7PD0OD0ktfw?feature=share\">https:\/\/youtube.com\/shorts\/7PD0OD0ktfw?feature=share<\/a>\u00a0Hopper sarja<\/p>\n<p style=\"font-weight: 400;\"><a href=\"https:\/\/youtube.com\/shorts\/ShAc965o-AA\">https:\/\/youtube.com\/shorts\/ShAc965o-AA<\/a>\u00a0\u00a0C040 Puola<\/p>\n<p style=\"font-weight: 400;\"><a href=\"https:\/\/youtube.com\/shorts\/A_nOasLAq2g\">https:\/\/youtube.com\/shorts\/A_nOasLAq2g<\/a>\u00a0Vihre\u00e4<\/p>\n","protected":false},"excerpt":{"rendered":"<h1>Hydraulinen maantiivistyslevy Hopper C 060<\/h1>\n<p style=\"font-weight: 400;\">Maantiivistyslevy 8-16 t kaivukoneille 500 kg. maantiivist\u00e4j\u00e4. Hopper-sarjan t\u00e4ryl\u00e4tk\u00e4 maan tehokkaaseen tiivist\u00e4miseen. Hopper hyraulisessa maantiivist\u00e4j\u00e4ss\u00e4 hydraulimoottori py\u00f6ritt\u00e4\u00e4 ep\u00e4keskoa ja v\u00e4litt\u00e4\u00e4 kumityynyjen kautta t\u00e4rin\u00e4n tiivistett\u00e4v\u00e4\u00e4n kohteeseen. T\u00e4ryl\u00e4tk\u00e4\u00e4 k\u00e4ytetaan vaativiin maantiivistyskohteisiin.<br \/>\nTyypillisimpi\u00e4 kohteita ovat luiskat, penkat ja kaivannot. T\u00e4rylevyt on suunniteltu erityisesti vaativiin pohjarakennust\u00f6ihin, joissa maapohjan vakaus, kantavuus ja tasaisuus ovat keskeisi\u00e4.<br \/>\nT\u00e4rke\u00e4 n\u00e4k\u00f6kohta on turvallisuus, ty\u00f6ntekij\u00e4n ei tarvitse menn\u00e4 tiivist\u00e4m\u00e4\u00e4n k\u00e4sik\u00e4ytt\u00f6isell\u00e4 tampparilla jos on vaara reunan sortumasta tai yleens\u00e4 ottaen kenenk\u00e4\u00e4n ei tarvitse olla kaivinkoneen puomin vaara-alueella. Tuotteen hinta on alkaen-hinta. Lopullinen kokonaisuus muodostuu asiakkaan valintojen perusteella.<\/p>\n","protected":false},"featured_media":2155,"comment_status":"open","ping_status":"closed","template":"","meta":{"_eb_attr":""},"product_brand":[23],"product_cat":[31],"product_tag":[33,32,34],"class_list":{"0":"post-2162","1":"product","2":"type-product","3":"status-publish","4":"has-post-thumbnail","6":"product_brand-greenattachments","7":"product_cat-maantiivistyslevyt","8":"product_tag-maantiivistyslevy","9":"product_tag-tary","10":"product_tag-tarylevy","12":"first","13":"instock","14":"shipping-taxable","15":"purchasable","16":"product-type-simple"},"jetpack_sharing_enabled":true,"_links":{"self":[{"href":"https:\/\/www.hapetor.fi\/index.php\/wp-json\/wp\/v2\/product\/2162","targetHints":{"allow":["GET"]}}],"collection":[{"href":"https:\/\/www.hapetor.fi\/index.php\/wp-json\/wp\/v2\/product"}],"about":[{"href":"https:\/\/www.hapetor.fi\/index.php\/wp-json\/wp\/v2\/types\/product"}],"replies":[{"embeddable":true,"href":"https:\/\/www.hapetor.fi\/index.php\/wp-json\/wp\/v2\/comments?post=2162"}],"wp:featuredmedia":[{"embeddable":true,"href":"https:\/\/www.hapetor.fi\/index.php\/wp-json\/wp\/v2\/media\/2155"}],"wp:attachment":[{"href":"https:\/\/www.hapetor.fi\/index.php\/wp-json\/wp\/v2\/media?parent=2162"}],"wp:term":[{"taxonomy":"product_brand","embeddable":true,"href":"https:\/\/www.hapetor.fi\/index.php\/wp-json\/wp\/v2\/product_brand?post=2162"},{"taxonomy":"product_cat","embeddable":true,"href":"https:\/\/www.hapetor.fi\/index.php\/wp-json\/wp\/v2\/product_cat?post=2162"},{"taxonomy":"product_tag","embeddable":true,"href":"https:\/\/www.hapetor.fi\/index.php\/wp-json\/wp\/v2\/product_tag?post=2162"}],"curies":[{"name":"wp","href":"https:\/\/api.w.org\/{rel}","templated":true}]}}