{"id":2442,"date":"2026-03-10T09:00:32","date_gmt":"2026-03-10T09:00:32","guid":{"rendered":"https:\/\/www.hapetor.fi\/?post_type=product&#038;p=2442"},"modified":"2026-04-23T07:33:31","modified_gmt":"2026-04-23T07:33:31","slug":"g-25-2","status":"publish","type":"product","link":"https:\/\/www.hapetor.fi\/index.php\/tuote\/g-25-2\/","title":{"rendered":"G 25 NM Kiinte\u00e4"},"content":{"rendered":"<h1>Purkukoura \/ lajittelukoura G 25 (28\u202638 t) 2000 kg<strong><br \/>\n<\/strong><\/h1>\n<h2>Tekniset tiedot<\/h2>\n<table border=\"0\" width=\"348\" cellspacing=\"0\" cellpadding=\"0\">\n<colgroup>\n<col width=\"203\" \/>\n<col width=\"145\" \/><\/colgroup>\n<tbody>\n<tr>\n<td class=\"xl65\" width=\"203\" height=\"20\">Paino, kg<\/td>\n<td class=\"xl66\" width=\"145\">2000<\/td>\n<\/tr>\n<tr>\n<td class=\"xl67\" width=\"203\" height=\"20\">Kaivinkone, t<\/td>\n<td class=\"xl68\" width=\"145\">28 &#8211; 38<\/td>\n<\/tr>\n<tr>\n<td class=\"xl65\" width=\"203\" height=\"21\">Aukeama,mm<\/td>\n<td class=\"xl66\" width=\"145\">2300<\/td>\n<\/tr>\n<tr>\n<td class=\"xl67\" width=\"203\" height=\"21\">Leveys, mm<\/td>\n<td class=\"xl68\" width=\"145\">1380<\/td>\n<\/tr>\n<tr>\n<td class=\"xl65\" width=\"203\" height=\"20\">Paine, sylinteri bar<\/td>\n<td class=\"xl66\" width=\"145\">280<\/td>\n<\/tr>\n<tr>\n<td class=\"xl67\" width=\"203\" height=\"20\">\u00d6ljyvirtaus, sylinteri l\/min<\/td>\n<td class=\"xl68\" width=\"145\">250<\/td>\n<\/tr>\n<tr>\n<td class=\"xl65\" width=\"203\" height=\"20\"><\/td>\n<td class=\"xl66\" width=\"145\"><\/td>\n<\/tr>\n<tr>\n<td class=\"xl67\" width=\"203\" height=\"20\"><\/td>\n<td class=\"xl68\" width=\"145\"><\/td>\n<\/tr>\n<tr>\n<td class=\"xl65\" width=\"203\" height=\"20\"><\/td>\n<td class=\"xl66\" width=\"145\"><\/td>\n<\/tr>\n<\/tbody>\n<\/table>\n<p>G line purkukourat \/ lajittelukourat soveltuvat kaikkeen kaivinkoneella teht\u00e4v\u00e4\u00e4n purkamiseen, kierr\u00e4tykseen ja lajitteluun. G purkukouran \/lajittelukouran suunnittelu on tehty asiakkaiden tarpeet huomioiden, jolloin on saavutettu purkukouran \/ lajittelukouran keveys ja kuitenkin vaadittava kest\u00e4vyys sek\u00e4 suuri tehokkuus ja voima. Oikein k\u00e4ytettyn\u00e4 ja huollettuna purkukoura \/ lajittelukoura on todella pitk\u00e4ik\u00e4inen ja s\u00e4ilytt\u00e4\u00e4 vaihtoarvonsa hyvin. Purkukourien \/ lajittelukourien kest\u00e4v\u00e4 rakenne ja riitt\u00e4v\u00e4 voima takaavat tehokkaan purkamisen tiili- tai puurakenteisille kohteille. My\u00f6s muista materiaaleista tehdyt purkukohteet ovat tyypillisi\u00e4 kohteita. Lajitteluk\u00e4yt\u00f6ss\u00e4 lajittelukouralla on pystytt\u00e4v\u00e4 lastaamaan eri materiaalit tarkasti kohteiden mukaan. Kierrr\u00e4tysty\u00f6maalla tyypillist\u00e4 on, ett\u00e4 lajittelukouralla pit\u00e4\u00e4 pysty\u00e4 pienent\u00e4m\u00e4\u00e4n ja lastaamaan materiaalia tehokkaasti ja toimintavarmasti. G purkukourat \/ lajittelukourat soveltuvat mainiosti kaikkiin n\u00e4ihin ty\u00f6kohteisiin. Suunnittelemalla purkuty\u00f6n ja sen j\u00e4lkeisen lajittelun huolellisesti asiakas s\u00e4\u00e4st\u00e4\u00e4 rahaa kaatopaikkakustannuksissa! Purkukouria \/ lajittelukouria on saatavilla sek\u00e4 omalla py\u00f6rityksell\u00e4 varustettuna ett\u00e4 ilman py\u00f6rityst\u00e4. Ilman py\u00f6rityst\u00e4 purkukoura \/ lajittelukoura soveltuu suoraan tilttiasennukseen, t\u00e4ll\u00f6in Green Attachmentsin G-sarjan purkukourat \/ lajittelukourat ovat luotettava vaihtoehto. G purku- ja lajittelukourat on suunniteltu siten, ett\u00e4 pulttikiinnitteinen kiinnike voidaan vaihtaa helposti ja t\u00e4ll\u00f6in purkukouraa voidaan k\u00e4ytt\u00e4\u00e4 my\u00f6s eri koneille. Green Attachments toimittaa erilaisia kiinnittimi\u00e4 tarvittaessa. Purkukouria \/ lajittelukouria k\u00e4ytet\u00e4\u00e4n my\u00f6s yleisesti kierr\u00e4tysty\u00f6mailla, johon se sopii erinomaisesti helpon k\u00e4sitelt\u00e4vyytens\u00e4 ansiosta. My\u00f6s pitk\u00e4puomisovellukset ovat yleisi\u00e4, koska purkukourille \/ lajittelukourille on saatu riitt\u00e4v\u00e4 keveys k\u00e4ytt\u00e4m\u00e4ll\u00e4 laadukkaita materiaaleja sek\u00e4 hyv\u00e4ll\u00e4 designilla. G purkukoura- ja lajittelukourasarja k\u00e4sitt\u00e4\u00e4 9 mallia 2.5 \u2026 65 t kaivukoneille.<\/p>\n<h2><strong>G purkukouran \/ lajittelukouran<\/strong>\u00a0k\u00e4ytt\u00f6kohteita<\/h2>\n<ul>\n<li>suorapurku esimerkikiksi puutalojen purku<\/li>\n<li>purkuty\u00f6n j\u00e4lkeinen lajittelu<\/li>\n<li>Siporex tms rakenteiden purkaminen<\/li>\n<li>purku- ja lajittelukahmari pitk\u00e4puomiin asennettuna<\/li>\n<li>lajitteluty\u00f6t kierr\u00e4tysty\u00f6maalla<\/li>\n<\/ul>\n<h2>G purkukouran \/ lajittelukouran ominaisuudet:<\/h2>\n<ul>\n<li>Lajittelukourat on valmistettu kuluvilta osiltaan kulutuster\u00e4ksest\u00e4 k\u00e4ytt\u00f6i\u00e4n lis\u00e4\u00e4miseksi.<\/li>\n<li>Purkukourien \/\u00a0lajittelukourien runko on optimoitu siten, ett\u00e4 leveys on riitt\u00e4v\u00e4. T\u00e4ll\u00f6in laakeroidut nivelet antavat riitt\u00e4v\u00e4n tuen leuoille ja elinik\u00e4 lis\u00e4\u00e4ntyy t\u00e4t\u00e4kin kautta.<\/li>\n<li>Purkukourien \/ lajittelukourien akselit on karkaistu ja niiden rasvauspisteet on suunniteltu siten, ett\u00e4 rasvaus onnistuu helposti.<\/li>\n<li>Lajittelukourissa on vaihdettavat ter\u00e4slaakerit ja ne on ylimitoitettu siten, ett\u00e4 riitt\u00e4v\u00e4 elinik\u00e4 ja kest\u00e4vyys on taattu.<\/li>\n<li>Kulutustakest\u00e4v\u00e4st\u00e4 materiaalista valmistetut purkukourien \/ lajittelukourien huulilevyt ovat pulttikiinnitteisi\u00e4 ja k\u00e4\u00e4nnett\u00e4viss\u00e4 elini\u00e4n lis\u00e4\u00e4miseksi<\/li>\n<li>Liikkeen luotettavuus ja tarkkuus saadaan aikaa koiranluulla vaativiin purkukourien \/ lajittelukourien k\u00e4ytt\u00f6kohteiiin.<\/li>\n<li>Purkukourien \/ lajittelukourien sylinterit ovat eritt\u00e4in suuret takaamaan riitt\u00e4v\u00e4n voiman, jota tarvitaan erityisesti purkut\u00f6iss\u00e4.<\/li>\n<li>Purkukourien \/ lajittelukourien sylintereiss\u00e4 on lis\u00e4ksi painerajaventtiilit lis\u00e4\u00e4m\u00e4\u00e4n ty\u00f6turvallisuutta ja suojaamaan sylinteri\u00e4.<\/li>\n<li>Hydrauliikan suunnitteluun on kiinnitetty huomiota siten ett\u00e4 letkut ja liittimet ovat riitt\u00e4v\u00e4n suuria. T\u00e4ll\u00f6in v\u00e4ltyt\u00e4\u00e4n ylikuumenemiselta. Oikein suunniteltu lajittelukouran hydraulij\u00e4rjestelm\u00e4 s\u00e4\u00e4st\u00e4\u00e4 polttoainetta ja rahaa.<\/li>\n<\/ul>\n<p>&nbsp;<\/p>\n<h2><span style=\"font-size: 16px;\">Youtube video<\/span><\/h2>\n<p><a href=\"https:\/\/youtu.be\/2uwnctw-jtk\">https:\/\/youtu.be\/2uwnctw-jtk<\/a>\u00a0 Yellow G 05 kierr\u00e4tys<br \/>\n<a href=\"https:\/\/youtu.be\/jzrUg0QxK78\">https:\/\/youtu.be\/jzrUg0QxK78<\/a>\u00a0Yellow G ominaisuudet<br \/>\n<a href=\"https:\/\/youtu.be\/QcaUBRRErgE\">https:\/\/youtu.be\/QcaUBRRErgE<\/a>\u00a0Yellow G 25 ikkunanpoisto<br \/>\n<a href=\"https:\/\/youtu.be\/JURAHnDwlS8\">https:\/\/youtu.be\/JURAHnDwlS8\u00a0<\/a>Yellow G 25 purkuty\u00f6<\/p>\n","protected":false},"excerpt":{"rendered":"<h1>Purkukoura \/ lajittelukoura<\/h1>\n<p>Purkukoura \/ lajittelukoura G 25 (28\u202638t). Vahva, nopea ja tehokas purkukahmari. G purkukoura \/ lajittelukoura luotettava valinta monenlaisiin purkut\u00f6ihin, my\u00f6s kierr\u00e4tyst\u00f6ihin. Kest\u00e4v\u00e4 rakenne ja voima takaavat tehokkaan ty\u00f6skentelyn. Laadukkaat materiaalit sallivat kevyen rakenteen ja\u00a0 energians\u00e4\u00e4st\u00f6n. Purkukoura hyv\u00e4ll\u00e4 hinta\/laatusuhteella<br \/>\nG purku- ja lajittelukourat purku- ja kierr\u00e4tystoiminnan k\u00e4ytt\u00f6kohteisiin. Vahva, nopea ja tehokas purku- ja lajittelukoura. Purku- ja lajittelukouran kest\u00e4v\u00e4 rakenne ja riitt\u00e4v\u00e4 voima takaavat tehokkaan purkuty\u00f6n. Soveltuu hyvin my\u00f6s kierr\u00e4tysalan t\u00f6ihin. G purku- ja lajittelukouralla hoidat sek\u00e4 purkuty\u00f6t ett\u00e4 monenlaiset lajitteluty\u00f6t vaivattomasti.<\/p>\n","protected":false},"featured_media":2926,"comment_status":"open","ping_status":"closed","template":"","meta":{"_eb_attr":""},"product_brand":[23],"product_cat":[66],"product_tag":[],"class_list":{"0":"post-2442","1":"product","2":"type-product","3":"status-publish","4":"has-post-thumbnail","6":"product_brand-greenattachments","7":"product_cat-g","9":"first","10":"instock","11":"shipping-taxable","12":"purchasable","13":"product-type-simple"},"jetpack_sharing_enabled":true,"_links":{"self":[{"href":"https:\/\/www.hapetor.fi\/index.php\/wp-json\/wp\/v2\/product\/2442","targetHints":{"allow":["GET"]}}],"collection":[{"href":"https:\/\/www.hapetor.fi\/index.php\/wp-json\/wp\/v2\/product"}],"about":[{"href":"https:\/\/www.hapetor.fi\/index.php\/wp-json\/wp\/v2\/types\/product"}],"replies":[{"embeddable":true,"href":"https:\/\/www.hapetor.fi\/index.php\/wp-json\/wp\/v2\/comments?post=2442"}],"wp:featuredmedia":[{"embeddable":true,"href":"https:\/\/www.hapetor.fi\/index.php\/wp-json\/wp\/v2\/media\/2926"}],"wp:attachment":[{"href":"https:\/\/www.hapetor.fi\/index.php\/wp-json\/wp\/v2\/media?parent=2442"}],"wp:term":[{"taxonomy":"product_brand","embeddable":true,"href":"https:\/\/www.hapetor.fi\/index.php\/wp-json\/wp\/v2\/product_brand?post=2442"},{"taxonomy":"product_cat","embeddable":true,"href":"https:\/\/www.hapetor.fi\/index.php\/wp-json\/wp\/v2\/product_cat?post=2442"},{"taxonomy":"product_tag","embeddable":true,"href":"https:\/\/www.hapetor.fi\/index.php\/wp-json\/wp\/v2\/product_tag?post=2442"}],"curies":[{"name":"wp","href":"https:\/\/api.w.org\/{rel}","templated":true}]}}