{"id":2581,"date":"2026-03-11T10:45:27","date_gmt":"2026-03-11T10:45:27","guid":{"rendered":"https:\/\/www.hapetor.fi\/?post_type=product&#038;p=2581"},"modified":"2026-03-19T10:30:06","modified_gmt":"2026-03-19T10:30:06","slug":"yellow-s70","status":"publish","type":"product","link":"https:\/\/www.hapetor.fi\/index.php\/tuote\/yellow-s70\/","title":{"rendered":"Yellow S70"},"content":{"rendered":"<h1>Romuleikkuri Yellow S 70 (70 \u2026 100 t) 6900 kg<b><strong><br \/>\n<\/strong><\/b><\/h1>\n<p style=\"font-weight: 400;\">Yellow S line ter\u00e4sleikkurisarja on kehitetty ter\u00e4ksen paloitteluun kierr\u00e4tyst\u00e4 varten. Yellow S ter\u00e4sleikkurit on suunniteltu siten ett\u00e4 maksimi leikkausvoima saavutetaan juuri oikealla hetkell\u00e4 leuan liikuttua pienen matkan. Kuitenkin metallileikkurien liikkeen lopussa pit\u00e4\u00e4 olla riitt\u00e4v\u00e4n suuri leikkausvoima, jotta ohuetkin pellit pystyt\u00e4\u00e4n leikkaamaan. Yellow S ter\u00e4sleikkurin leuan muotoilu ja terien asettelu varmistavat puhtaan ja suoran leikkauksen.<\/p>\n<p style=\"font-weight: 400;\">S ter\u00e4sleikkurit soveltuvat my\u00f6s ter\u00e4srakenteiden purkut\u00f6ihin ja purkut\u00f6ihin liittyvien erilaisten rakenteiden leikkaamiseen, kuten putket, levyt ja ter\u00e4sprofiilit. Innovatiiviset ratkaisut metallileikkureissa ja kulutustakest\u00e4vien ter\u00e4sten k\u00e4ytt\u00f6 takaavat suuren voiman ja laitteen keveyden.<\/p>\n<p style=\"font-weight: 400;\">Yellow S ter\u00e4sleikkurit on suunniteltu siten, ett\u00e4 pulttikiinnitteinen kiinnike voidaan vaihtaa helposti ja t\u00e4ll\u00f6in laitetta voidaan k\u00e4ytt\u00e4\u00e4 my\u00f6s eri koneille. Green Attachments toimittaa erilaisia kiinnittimi\u00e4 tarvittaessa.<\/p>\n<p style=\"font-weight: 400;\">Yellow S ter\u00e4sleikkurisarja k\u00e4sitt\u00e4\u00e4 14 nokkaleikkuria 2 &#8211; 130 t kaivukoneille.<\/p>\n<h3>Green Attachmentsin nokkaleikkuri<\/h3>\n<ul style=\"font-weight: 400;\">\n<li>Korkea leikkausvoima: Nokkaleikkurit on suunniteltu tarjoamaan maksimaalinen leikkausteho, mik\u00e4 mahdollistaa tehokkaan ty\u00f6skentelyn kovissakin materiaaleissa.<\/li>\n<li>Kest\u00e4v\u00e4 rakenne: Laadukkaista materiaaleista valmistetut leikkurit kest\u00e4v\u00e4t kovaa k\u00e4ytt\u00f6\u00e4 ja v\u00e4hent\u00e4v\u00e4t huoltotarvetta.<\/li>\n<li>Monipuolisuus: Sopii erilaisiin kaivinkonemalleihin ja -kokoluokkiin, mik\u00e4 tekee niist\u00e4 joustavan valinnan erilaisiin ty\u00f6ymp\u00e4rist\u00f6ihin.<\/li>\n<li>Helppo huollettavuus: Suunniteltu k\u00e4ytt\u00e4j\u00e4yst\u00e4v\u00e4llisiksi, mik\u00e4 helpottaa huoltoa ja pident\u00e4\u00e4 laitteen k\u00e4ytt\u00f6ik\u00e4\u00e4.<\/li>\n<\/ul>\n<h2><a href=\"https:\/\/www.greenattachments.com\/en\/home\/472-yellow-s-features.html?adtoken=76a44849cf91466c2b00e424be2eac60&amp;ad=admin872fcq2ut&amp;id_employee=12\">Lis\u00e4tietoa<\/a><\/h2>\n<h2>Yellow S nokkaleikkureiden k\u00e4ytt\u00f6kohteet<\/h2>\n<ul style=\"font-weight: 400;\">\n<li>Metallien paloittelu kierr\u00e4tyst\u00e4 varten<\/li>\n<li>Ter\u00e4srakenteiden purkuty\u00f6t<\/li>\n<li>Muiden materiaalien leikkaus, esim. kumi<\/li>\n<\/ul>\n<h2>Yellow S ter\u00e4sleikkureiden ominaisuudet<\/h2>\n<ul style=\"font-weight: 400;\">\n<li>Yellow S ter\u00e4sleikkurit on valmistettu kuluvilta osiltaan\u00a0<b><strong>Hardox 400<\/strong><\/b>:sta k\u00e4ytt\u00f6i\u00e4n lis\u00e4\u00e4miseksi. Muut osat on valmistettu Weldoxista ja Strenghtist\u00e4.<\/li>\n<li>Ter\u00e4sleikkurit on suunniteltu kest\u00e4m\u00e4\u00e4n kovaa k\u00e4ytt\u00f6\u00e4 optimoimalla rakenteet huomioiden metallien leikkaamisen \u00e4\u00e4rimm\u00e4iset vaatimukset.<\/li>\n<li>Pitk\u00e4t metallileikkurin leikkauster\u00e4t isojen profiilien leikkaamiseen. Terien geometria on suunniteltu sellaiseksi, ett\u00e4 kiinni menness\u00e4\u00e4n ter\u00e4t imev\u00e4t materiaalin syvemm\u00e4lle kitaan ja t\u00e4ll\u00f6in leikkaaminen on helpompaa.<\/li>\n<li>Yellow S ter\u00e4sleikkurit on varustettu pikaliikeventtiilill\u00e4 nopeuden lis\u00e4\u00e4miseksi. T\u00e4ll\u00f6in regeneratiivinen venttiili ohjaa m\u00e4nn\u00e4nvarren puolelta \u00f6ljyn m\u00e4nn\u00e4n puolelle lis\u00e4ten siten nopeutta. Kaikkiin malleihin t\u00e4t\u00e4 ominaisuutta ei ole tarjolla.<\/li>\n<li>Vaihdettavat metallileikkurin ter\u00e4t on tehty eritt\u00e4in kest\u00e4v\u00e4st\u00e4 erikoister\u00e4ksest\u00e4 ja niiden k\u00e4\u00e4nt\u00e4minen tai terien vaihto nopeasti takaa lyhyen huoltoajan. T\u00e4ll\u00f6in laite leikkaa aina tehokkaimmin<\/li>\n<li>Terien saksiefektin v\u00e4ltt\u00e4miseksi laitteessa on s\u00e4\u00e4dett\u00e4v\u00e4t tuet liikkuvalle leualle. T\u00e4m\u00e4 lis\u00e4\u00e4 k\u00e4ytt\u00f6ik\u00e4\u00e4 ja tehostaa leikkausta<\/li>\n<li>Ter\u00e4sleikkurien akselit on karkaistu ja ne ovat helposti rasvattavissa akseleiden p\u00e4ist\u00e4.<\/li>\n<li>Ter\u00e4sleikkureissa on vaihdettavat ter\u00e4slaakerit ja ne on ylimitoitettu siten, ett\u00e4 riitt\u00e4v\u00e4 elinik\u00e4 ja kest\u00e4vyys on taattu.<\/li>\n<li>Ter\u00e4sleikkurien k\u00e4\u00e4nt\u00f6keh\u00e4 on toteutettu kaksoiskuulalaakereilla isoissa malleissa ja siten saatu toimintavarmuutta riitt\u00e4v\u00e4ksi.<\/li>\n<li>Hydraulinen py\u00f6ritys ter\u00e4sleikkureissa helpottaa laitteen kohdistamista haluttuun kohteeseen. Kest\u00e4v\u00e4 orbital-hydraulimoottori on varustettu vaihteella isoimmissa malleissa.<\/li>\n<li>Ter\u00e4sleikkurien hydraulimoottori on suojattu kaksoispainerajaventtiilill\u00e4 painepiikkien varalta.<\/li>\n<li>Ter\u00e4sleikkurien sivuilla ja p\u00e4\u00e4ll\u00e4 on huoltoluukut huollon helpottamiseksi.<\/li>\n<li>Ter\u00e4sleikkurien sylinterit ovat eritt\u00e4in suuret takaamaan riitt\u00e4v\u00e4n voiman ja ne on k\u00e4\u00e4nnetty siten ett\u00e4 varsi on aina suojassa iskuja vastaan.<\/li>\n<li>Hydrauliikan suunnitteluun on kiinnitetty huomiota siten ett\u00e4 letkut ja liittimet ovat riitt\u00e4v\u00e4n suuria. T\u00e4ll\u00f6in v\u00e4ltyt\u00e4\u00e4n ylikuumenemiselta. Oikein suunniteltu ter\u00e4sleikkurien hydraulij\u00e4rjestelm\u00e4 s\u00e4\u00e4st\u00e4\u00e4 polttoainetta ja rahaa.<\/li>\n<li>Ter\u00e4sleikkurien hydrauliikka on suunniteltu siten, ett\u00e4 nokkaleikkurin vuodot ja ongelmakohdat on minimoitu.<br \/>\n<img decoding=\"async\" src=\"https:\/\/www.greenattachments.com\/img\/cms\/Yellow%20S20%20ei%20taustaa.jpg\" alt=\"ter\u00e4sleikkuri\" \/><\/li>\n<\/ul>\n<h2>Yellow S ter\u00e4sleikkurin tekniset tiedot<br \/>\n<img fetchpriority=\"high\" decoding=\"async\" class=\"alignnone size-medium wp-image-2583\" src=\"http:\/\/www.hapetor.fi\/wp-content\/uploads\/2026\/03\/Yellow-S70-300x167.png\" alt=\"\" width=\"300\" height=\"167\" srcset=\"https:\/\/www.hapetor.fi\/wp-content\/uploads\/2026\/03\/Yellow-S70-300x167.png 300w, https:\/\/www.hapetor.fi\/wp-content\/uploads\/2026\/03\/Yellow-S70.png 469w\" sizes=\"(max-width: 300px) 100vw, 300px\" \/><\/h2>\n<p>Video<\/p>\n<p><a href=\"https:\/\/youtu.be\/4TBWTdlrJYs\">https:\/\/youtu.be\/4TBWTdlrJYs<\/a><\/p>\n<p><a href=\"https:\/\/youtu.be\/MlzJWb7thmg\">https:\/\/youtu.be\/MlzJWb7thmg<\/a><\/p>\n<p><a href=\"https:\/\/youtu.be\/tpl8yWR1UVE\">https:\/\/youtu.be\/tpl8yWR1UVE<\/a>\u00a0S06 Kouvola<\/p>\n<p><a href=\"https:\/\/youtu.be\/z8qrA38KTMA\">https:\/\/youtu.be\/z8qrA38KTMA<\/a>\u00a0S06 Kouvola 2 tire cutting<\/p>\n<p><a href=\"https:\/\/youtu.be\/o2XLyKDoip4\">https:\/\/youtu.be\/o2XLyKDoip4\u00a0<\/a>Yellow S06 Kouvola 3 valve recycling<\/p>\n","protected":false},"excerpt":{"rendered":"<h1>Romuleikkuri<\/h1>\n<p style=\"font-weight: 400;\">Yellow line romuleikkuri 70 \u2026 100 t kaivukoneille. Metallisakset \/ nokkaleikkuri kovaan k\u00e4ytt\u00f6\u00f6n. Yellow S 70 romuleikkuri \/ metallileikkuri. Yellow S line ter\u00e4sleikkurisarja on kehitetty ter\u00e4ksen leikkaamiseen kierr\u00e4tyst\u00e4 varten. Yellow S ter\u00e4sleikkuri on suunniteltu siten ett\u00e4 maksimi leikkausvoima saavutetaan juuri oikealla hetkell\u00e4.<\/p>\n<p style=\"font-weight: 400;\">Nokkaleikkurit ovat tehokkaita purkulaitteita, jotka on suunniteltu erityisesti eri metallien hallittuun leikkaamiseen ja purkamiseen. Green Attachmentsin nokkaleikkurit tarjoavat huipputehokkaan ratkaisun vaativiin purkukohteisiin, joissa tarvitaan tarkkuutta ja maksimaalista leikkausvoimaa.<\/p>\n","protected":false},"featured_media":2567,"comment_status":"open","ping_status":"closed","template":"","meta":{"_eb_attr":""},"product_brand":[23],"product_cat":[18,28],"product_tag":[43,69,44],"class_list":{"0":"post-2581","1":"product","2":"type-product","3":"status-publish","4":"has-post-thumbnail","6":"product_brand-greenattachments","7":"product_cat-yleinen","8":"product_cat-terasleikkuri","9":"product_tag-nokkaleikkuri","10":"product_tag-romuleikkuri","11":"product_tag-terasleikkuri","13":"first","14":"instock","15":"shipping-taxable","16":"purchasable","17":"product-type-simple"},"jetpack_sharing_enabled":true,"_links":{"self":[{"href":"https:\/\/www.hapetor.fi\/index.php\/wp-json\/wp\/v2\/product\/2581","targetHints":{"allow":["GET"]}}],"collection":[{"href":"https:\/\/www.hapetor.fi\/index.php\/wp-json\/wp\/v2\/product"}],"about":[{"href":"https:\/\/www.hapetor.fi\/index.php\/wp-json\/wp\/v2\/types\/product"}],"replies":[{"embeddable":true,"href":"https:\/\/www.hapetor.fi\/index.php\/wp-json\/wp\/v2\/comments?post=2581"}],"wp:featuredmedia":[{"embeddable":true,"href":"https:\/\/www.hapetor.fi\/index.php\/wp-json\/wp\/v2\/media\/2567"}],"wp:attachment":[{"href":"https:\/\/www.hapetor.fi\/index.php\/wp-json\/wp\/v2\/media?parent=2581"}],"wp:term":[{"taxonomy":"product_brand","embeddable":true,"href":"https:\/\/www.hapetor.fi\/index.php\/wp-json\/wp\/v2\/product_brand?post=2581"},{"taxonomy":"product_cat","embeddable":true,"href":"https:\/\/www.hapetor.fi\/index.php\/wp-json\/wp\/v2\/product_cat?post=2581"},{"taxonomy":"product_tag","embeddable":true,"href":"https:\/\/www.hapetor.fi\/index.php\/wp-json\/wp\/v2\/product_tag?post=2581"}],"curies":[{"name":"wp","href":"https:\/\/api.w.org\/{rel}","templated":true}]}}